 - 2*h - 0*h + 302. What is the tens digit of l?
7
Let w(o) = 2*o + 50. Let l be w(-23). Let d be (-4252)/(-18) - (-16)/(-72). Suppose l*h = 8*h - d. What is the tens digit of h?
5
Suppose 3624 = 79*a - 76*a. What is the hundreds digit of a?
2
Let r = 14 - 12. Let k be (11/2 - -2)*8/6. What is the tens digit of (16 - k)/(r/21)?
6
What is the tens digit of (-1 + 1 - 1)*(-1 + -192)?
9
Suppose 0 = -2*p + 5*i + 12, -4*p + 2*i + 24 = i. Suppose 651 = p*y + y. What is the tens digit of y?
9
Suppose 5*h - h = -1024. Let a = -42 - h. What is the tens digit of a?
1
Suppose -3*y + 3 = y + 3*a, 2*y + 3*a - 3 = 0. Suppose 4*z - 4 = -4*u, -3*z + 2*z = y. What is the units digit of u?
1
Suppose 3*y = 7*y. Let c be -2 + 3 - (-5 + y). Suppose 0 = -f - 2*f + c. What is the units digit of f?
2
Suppose -330 = -6*m + 948. Suppose -5*q = 3*b - m - 318, -4*b - 4*q = -700. What is the tens digit of b?
7
Let r(g) = -17*g - 67. What is the units digit of r(-15)?
8
Let d(h) = 35*h**2 - 14*h + 61. What is the thousands digit of d(7)?
1
Let u = 1 - -1. Suppose -5*k - u*m = 3*m, 4*m = 5*k - 36. Suppose -8 = k*l - 152. What is the tens digit of l?
3
Suppose -5*j = 3*x - 367, j - 4*x - 226 = -2*j. Suppose -4*c + 222 = j. What is the tens digit of c?
3
Let t = 457 + -19. What is the hundreds digit of t?
4
Let q(o) = 275*o - 4. Let b be q(1). Suppose 12*n + b = 1711. What is the units digit of n?
0
Let r be 3 + (3 - 1)/2. Suppose -r*c - 2*t = -34, 5*c + 2*t - t = 50. Let q = c - 6. What is the units digit of q?
5
Suppose 0 = -13*x + 14*x - 418. Suppose 4*c + 2*s - 836 = 6*s, 0 = -2*c - 5*s + x. What is the tens digit of c?
0
Let z(j) = -18*j + j**3 + 29 + 9*j - 9*j**2 - 21 - 12*j. What is the units digit of z(11)?
9
Let v = 126 + 204. Suppose -v = 58*s - 61*s. What is the units digit of s?
0
Let l be 17 + (-1 - -1) + -1. Let t(a) = 2*a**3 + a**2 + a - 2. Let k be t(1). Suppose 4*j - l = -4*v, v + k - 10 = -3*j. What is the units digit of v?
2
Suppose -2*d - 5 = -31. Let u(c) = 1 + d*c - 22*c + 7*c + 23*c**2. What is the units digit of u(1)?
2
Let u be 18*40/(-35)*(-7)/3. Let n = -31 + u. What is the tens digit of n?
1
What is the tens digit of 755 - ((-2)/2 - -7) - 5?
4
Let q be -4 + 16/2 - 1. Suppose q*l + 124 = 5*h + 6*l, 12 = 4*l. What is the tens digit of h?
2
Let h(o) be the third derivative of -o**6/120 + o**5/5 - 5*o**4/12 + 4*o**3/3 - 6*o**2. Let l be h(11). Let n = 5 + l. What is the tens digit of n?
2
Suppose -26*b = -52*b + 7228. What is the tens digit of b?
7
Let d(b) = 4*b**2 + 12. What is the tens digit of d(7)?
0
Let o = 4584 - -1913. What is the thousands digit of o?
6
Let u(n) = n**2 - n - 4. Let q(g) = 2*g - 17. Let l be q(7). Let s be 1 + (-4 - l)*6. What is the tens digit of u(s)?
2
Let a(d) = d - 19. Let y be a(18). What is the tens digit of ((-3)/y)/(21/707)?
0
Let c be -34 + 2/(-2) - (-120)/(-40). Let r = c + 186. What is the tens digit of r?
4
Let q = -11 - -11. Suppose -5*r = -3*p + 142, 0 = p - q*p - 4*r - 52. Suppose 5*b = 6*b - p. What is the tens digit of b?
4
Suppose 0 = -64*h + 28*h + 16596. What is the tens digit of h?
6
Let v = 645 - -954. What is the hundreds digit of v?
5
Let f be 0/(-3)*((-26)/(-6) - 4). Suppose 7*y - 3*y - 84 = f. What is the tens digit of y?
2
Let w(d) = -3*d**2 + 14*d + 3. Let r be w(6). Let b = 2 - r. What is the tens digit of b?
2
Suppose -4*n - 5*k = -6*n, -5*k - 10 = -4*n. Suppose n*u = 122 + 588. What is the units digit of u?
2
Let k = 1289 + -577. What is the hundreds digit of k?
7
Let a = 379 - 203. Suppose -y + 59 = 5*o - 4*o, -3*o + a = 4*y. What is the tens digit of o?
6
Suppose -189*f - 12600 = -199*f. What is the units digit of f?
0
Let t(d) = -d + 25. Let n = 10 + -10. Suppose 4*k + n*k = 0. What is the tens digit of t(k)?
2
Let d be (40/24)/(15/18). Let o be d - -697 - (-5 + 2). What is the units digit of o/30 + 3/5?
4
Suppose -19*a = -2*r - 16*a + 665, 3*a = 15. What is the hundreds digit of r?
3
Let s be 2/7 - 2160/63. Let u = 18 - s. What is the units digit of u?
2
Suppose 161*f - 186*f = -54925. What is the tens digit of f?
9
Suppose -9*k = -5*k - 280. Suppose k = v - 4*c, 5*c - 240 = -5*v + 3*c. What is the tens digit of v?
5
Suppose -50*r + 46*r + 728 = 0. Let w = -61 + r. What is the hundreds digit of w?
1
Let b = -74 + 253. What is the units digit of b?
9
What is the hundreds digit of 440 - ((-180)/50 + 6/(-15))?
4
Suppose -2*s = 3*q + 28, s + 36 = -0*q + 4*q. Let o = -20 - s. Suppose 42 = -3*n - p + 170, 4*n + 5*p - 189 = o. What is the tens digit of n?
4
Let n(i) = -9*i + 17. Let v(s) = -18*s + 33. Let g(t) = -5*n(t) + 3*v(t). What is the tens digit of g(-6)?
6
Suppose -50*g + 3415 = -45*g. What is the units digit of g?
3
What is the units digit of (-4 + (-2070)/(-5))/((-2)/(-17))?
5
Suppose 9*v - 10*v = -209. Let j = v - 112. What is the tens digit of j?
9
Suppose 0 = -2*l + 23 - 3. Suppose -l*o + 7*o - 81 = 0. What is the units digit of ((-6)/4)/(o/342)?
9
Let a(b) = -59*b - 606. What is the hundreds digit of a(-44)?
9
Let v(j) = 5*j**2 + 11*j + 6. Let t be v(-10). Suppose 5*u + 2*f - t = 0, 2*u - 2*f - 88 = 62. What is the tens digit of u?
7
Suppose 4*x - x = 12. Suppose 5*u = x*u + 231. What is the units digit of u?
1
Let j = -17 - -45. Suppose j = -3*m + m. What is the tens digit of (-234)/m - (-4)/14?
1
Let u(y) = -6*y**2 - 3*y - 1. Let m be u(-2). Let f = 23 + m. What is the tens digit of 2 + 128/f - -2?
3
Suppose -5*a - 3*j = -507, 2*a = -j - j + 206. What is the units digit of a?
9
Let l(a) = a + 17. Let b be l(4). Let n = 55 + b. What is the units digit of n?
6
Let n = 560 + -156. What is the units digit of n?
4
Let m(k) = -k**2 + 16*k. Let q be (11 - 1) + -3 + -1. Let u(h) = -h**3 + 7*h**2 - 4*h + 2. Let v be u(q). What is the units digit of m(v)?
8
Suppose g + 23 = 3*h, 68 = -4*g - 0*h + 4*h. Let x be ((-7)/g)/((-2)/4). What is the units digit of (x + -1)*25/(-2)?
5
Suppose 5*f = 2*k + 9406, 3768 = 2*f + 7*k - 5*k. What is the tens digit of f?
8
Let b = -418 - -1202. Suppose -8*a + a + b = 0. What is the tens digit of a?
1
Let u be 15/2*(-24)/(-20). Let m = u - 12. What is the units digit of m + 3 + 14/1?
4
Let o(l) = l**2 + 15*l + 15. Let y be o(-14). Let a be (2 - 0)*(2 + y). Suppose 0 = h - 5*u - 29, 0 = 2*h - a*h - 2*u + 138. What is the tens digit of h?
3
Let q be (-45)/(-10)*(-8)/6. Let n be (-8 - -2)/(q/4). Suppose n*m - 6 - 78 = 0. What is the tens digit of m?
2
Let x(i) = -2*i - 4. Let r be x(-3). Suppose r*m + 0*m - 8 = 0. Suppose -3*v + 34 - m = 0. What is the tens digit of v?
1
Let p(l) = -7*l - 18. Let q be p(-6). Suppose 0*i + i = q. Let j = 27 - i. What is the units digit of j?
3
Let p = -499 - -1009. What is the tens digit of p?
1
Suppose 5*j - 570 = -3*v, -3*v + 6*v = 15. Let k = j - 6. What is the units digit of k?
5
Let r = -6845 - -9618. What is the units digit of r?
3
Let l(x) = -x**3 - 12*x**2 - 10*x + 5. Let q be l(-11). Let a be (-2)/(5/((-195)/q)). Let s = -7 - a. What is the units digit of s?
6
Let x(l) = 44*l + 199. What is the tens digit of x(16)?
0
Let x = -2745 + 5417. What is the thousands digit of x?
2
Suppose 242*x = 233*x + 13158. What is the units digit of x?
2
Suppose 2*z = 7*z - 185. Suppose 113 = o - z. What is the hundreds digit of o?
1
Let u(z) be the first derivative of -2*z**3/3 - 2*z**2 - 2*z + 6. Let j be u(-2). What is the units digit of ((-24)/4 + 2)*j?
8
Suppose 5*v = -78 + 88. Let r(m) = m + 1. Let b be r(2). Suppose v*f - 3*p = 10, b*f + p - 5 = 2*f. What is the units digit of f?
5
Let p(l) = l**3 - 10*l**2 + 16*l + 7. Let q be p(9). Let r = q + -2. What is the units digit of r?
8
Suppose 573 + 192 = -5*j. Let v = j + 391. What is the tens digit of v?
3
Suppose 0*j + 1 = 3*j + 5*f, 3*j - 13 = -2*f. Let t(d) = -d**2 + 18*d + 12. Let p be t(15). Let k = j + p. What is the tens digit of k?
6
Suppose 26 = 5*t - 24. Let j = t - 23. What is the tens digit of (-7)/(-2)*(1 - j)?
4
Let o = -3 - -7. Let a(r) = 2*r**3 - 5*r**2 - r. What is the tens digit of a(o)?
4
Let j = -20 + 15. Let g(x) = -x**3 + 9*x + 9. What is the tens digit of g(j)?
8
Let x = -16 + 26. Let z be x*3/(-6)*-10. Suppose 3*f - 25 - z = 0. What is the tens digit of f?
2
Let x = 110 - 106. Suppose 0 = x*d - 14 - 154. What is the tens digit of d?
4
Suppose -5*y + 80 = 5*h, 2*